t 1 (base 5) to base 3.
1
-2 (base 12) to base 14
-2
What is 12 (base 16) in base 15?
13
What is -3 (base 12) in base 2?
-11
Convert 3 (base 16) to base 8.
3
133 (base 13) to base 5
1321
What is 2 (base 6) in base 5?
2
Convert 202 (base 6) to base 11.
68
21 (base 4) to base 2
1001
96 (base 10) to base 4
1200
11 (base 2) to base 7
3
What is 2 (base 13) in base 7?
2
-4 (base 15) to base 3
-11
What is -1332 (base 4) in base 15?
-86
Convert -2 (base 6) to base 12.
-2
What is -116 (base 7) in base 13?
-4a
Convert 11 (base 3) to base 14.
4
-45 (base 10) to base 13
-36
What is -21 (base 9) in base 12?
-17
Convert -2 (base 3) to base 16.
-2
Convert -7 (base 12) to base 7.
-10
What is 1 (base 11) in base 9?
1
Convert 1a (base 11) to base 7.
30
Convert -21 (base 3) to base 14.
-7
Convert -35 (base 7) to base 4.
-122
Convert -19 (base 14) to base 16.
-17
What is -7 (base 9) in base 5?
-12
What is -155 (base 6) in base 12?
-5b
What is 3 (base 7) in base 9?
3
What is 110011 (base 2) in base 5?
201
What is 0 (base 6) in base 11?
0
What is -34 (base 6) in base 8?
-26
What is 1 (base 3) in base 11?
1
What is -11 (base 4) in base 3?
-12
3 (base 8) to base 4
3
Convert -5 (base 10) to base 4.
-11
Convert 1000000 (base 2) to base 11.
59
Convert 1 (base 10) to base 4.
1
What is -64 (base 13) in base 4?
-1102
-1 (base 4) to base 6
-1
What is 11 (base 8) in base 10?
9
-22 (base 13) to base 14
-20
Convert -10011000 (base 2) to base 5.
-1102
What is -12 (base 16) in base 3?
-200
What is 130 (base 4) in base 13?
22
Convert -9 (base 14) to base 16.
-9
What is 11 (base 5) in base 15?
6
What is 13 (base 4) in base 9?
7
-5 (base 13) to base 14
-5
-14 (base 11) to base 2
-1111
What is 1 (base 5) in base 2?
1
Convert 31 (base 7) to base 3.
211
What is 88 (base 11) in base 15?
66
Convert 1 (base 15) to base 7.
1
29 (base 16) to base 14
2d
What is 27 (base 11) in base 14?
21
Convert e9 (base 15) to base 3.
22010
0 (base 5) to base 8
0
-84 (base 14) to base 2
-1110100
What is -24 (base 8) in base 14?
-16
Convert -2 (base 9) to base 10.
-2
What is 20 (base 11) in base 14?
18
1e (base 15) to base 3
1002
Convert 10 (base 3) to base 6.
3
-55 (base 8) to base 11
-41
-11 (base 8) to base 4
-21
What is 5 (base 14) in base 10?
5
What is 1 (base 11) in base 2?
1
Convert -101 (base 2) to base 14.
-5
What is -7 (base 10) in base 7?
-10
What is -101000001 (base 2) in base 16?
-141
Convert 55 (base 7) to base 16.
28
What is 27 (base 12) in base 15?
21
11001 (base 2) to base 14
1b
-4 (base 15) to base 2
-100
Convert -2 (base 13) to base 10.
-2
What is 4 (base 16) in base 12?
4
5 (base 12) to base 8
5
What is 0 (base 4) in base 14?
0
What is -4 (base 16) in base 5?
-4
Convert -42 (base 9) to base 16.
-26
What is 10 (base 3) in base 9?
3
What is 3 (base 11) in base 7?
3
-140 (base 5) to base 6
-113
What is -2 (base 6) in base 4?
-2
-157 (base 11) to base 8
-267
5c (base 16) to base 13
71
What is -1c (base 16) in base 11?
-26
2 (base 15) to base 4
2
What is 18 (base 16) in base 3?
220
Convert 2000 (base 4) to base 11.
107
-1 (base 15) to base 12
-1
-2 (base 4) to base 14
-2
What is 3 (base 9) in base 2?
11
Convert -6 (base 12) to base 6.
-10
What is -533 (base 7) in base 5?
-2034
What is 6 (base 11) in base 10?
6
a0 (base 14) to base 5
1030
Convert -1112 (base 4) to base 7.
-152
What is 3 (base 16) in base 15?
3
-1 (base 13) to base 9
-1
What is 458 (base 9) in base 2?
101111001
26 (base 8) to base 16
16
9 (base 11) to base 6
13
0 (base 6) to base 2
0
Convert 11 (base 15) to base 14.
12
Convert -2c (base 13) to base 14.
-2a
-4 (base 6) to base 15
-4
-b (base 16) to base 8
-13
What is -203 (base 4) in base 15?
-25
45 (base 7) to base 13
27
38 (base 14) to base 7
101
Convert -20 (base 3) to base 8.
-6
What is -1 (base 10) in base 15?
-1
Convert -24 (base 5) to base 9.
-15
-5 (base 11) to base 8
-5
Convert -1 (base 15) to base 2.
-1
What is -5 (base 8) in base 13?
-5
What is -8b (base 14) in base 3?
-11120
Convert -27 (base 11) to base 6.
-45
-c (base 16) to base 15
-c
-27 (base 12) to base 14
-23
-7b (base 15) to base 6
-312
11011 (base 2) to base 13
21
Convert -1 (base 14) to base 4.
-1
2 (base 3) to base 11
2
Convert -230 (base 5) to base 13.
-50
27 (base 9) to base 6
41
What is 1 (base 16) in base 4?
1
1 (base 6) to base 2
1
2 (base 7) to base 4
2
Convert e (base 16) to base 9.
15
What is 4 (base 6) in base 11?
4
-12 (base 12) to base 2
-1110
9 (base 13) to base 15
9
Convert 0 (base 3) to base 13.
0
What is -4 (base 15) in base 11?
-4
What is -1 (base 9) in base 11?
-1
Convert 251 (base 8) to base 10.
169
-310 (base 4) to base 9
-57
151 (base 8) to base 3
10220
Convert -2020 (base 3) to base 13.
-48
Convert -2403 (base 5) to base 15.
-188
What is 24 (base 9) in base 6?
34
Convert 34 (base 5) to base 6.
31
0 (base 2) to base 13
0
124 (base 6) to base 11
48
Convert 24a (base 12) to base 14.
1aa
What is a (base 11) in base 12?
a
-62 (base 13) to base 7
-143
-20 (base 8) to base 15
-11
1 (base 13) to base 12
1
Convert 2 (base 15) to base 6.
2
What is 11011 (base 3) in base 11?
a2
1 (base 6) to base 3
1
3 (base 13) to base 15
3
What is 3212 (base 4) in base 8?
346
0 (base 4) to base 16
0
Convert 220 (base 5) to base 8.
74
What is -16 (base 8) in base 10?
-14
Convert -34 (base 7) to base 13.
-1c
What is 25 (base 10) in base 13?
1c
-b (base 14) to base 2
-1011
5 (base 7) to base 14
5
What is -16 (base 14) in base 5?
-40
51 (base 6) to base 4
133
-101 (base 3) to base 6
-14
What is -1000000 (base 2) in base 12?
-54
What is -27 (base 9) in base 11?
-23
What is -21 (base 5) in base 3?
-102
-27 (base 10) to base 4
-123
What is 0 (base 6) in base 9?
0
What is -21 (base 4) in base 12?
-9
-5 (base 7) to base 14
-5
1001 (base 3) to base 8
34
What is -1 (base 3) in base 8?
-1
Convert -9 (base 12) to base 4.
-21
Convert 11 (base 9) to base 2.
1010
What is -10 (base 4) in base 12?
-4
Convert -5 (base 13) to base 11.
-5
What is -41 (base 5) in base 16?
-15
What is 2 (base 9) in base 4?
2
What is 3 (base 9) in base 14?
3
Convert 200 (base 6) to base 16.
48
Convert -22 (base 14) to base 16.
-1e
3c (base 14) to base 11
4a
Convert 47 (base 12) to base 6.
131
-2 (base 4) to base 7
-2
Convert 37 (base 9) to base 10.
34
What is -11 (base 8) in base 14?
-9
What is -3 (base 15) in base 10?
-3
What is 44 (base 5) in base 11?
22
What is -1010110 (base 2) in base 7?
-152
d (base 16) to base 10
13
What is 9 (base 12) in base 7?
12
Convert -4 (base 6) to base 13.
-4
-b9 (base 13) to base 9
-178
Convert -1212 (base 3) to base 12.
-42
Convert -14 (base 10) to base 15.
-e
Convert -24 (base 7) to base 16.
-12
What is 3 (base 9) in base 11?
3
-31 (base 15) to base 12
-3a
Convert 0 (base 14) to base 6.
0
Convert -181 (base 10) to base 4.
-2311
Convert -243 (base 6) to base 11.
-90
-46 (base 12) to base 11
-4a
What is 2 (base 3) in base 5?
2
-22 (base 9) to base 4
-110
1 (base 5) to base 13
1
What is 110001 (base 2) in base 15?
34
-3 (base 11) to base 4
-3
What is 20 (base 8) in base 4?
100
What is -10 (base 3) in base 2?
-11
Convert -2 (base 13) to base 6.
-2
What is 16 (base 9) in base 5?
30
Convert 5 (base 13) to base 16.
5
What is -e (base 16) in base 11?
-13
1 (base 15) to base 5
1
What is 0 (base 2) in base 15?
0
-25 (base 9) to base 11
-21
What is 2 (base 6) in base 3?
2
-9 (base 10) to base 15
-9
Convert 2 (base 11) to base 15.
2
-30 (base 9) to base 4
-123
What is 1 (base 5) in base 11?
1
-1b (base 16) to base 10
-27
Convert 3 (base 12) to base 10.
3
Convert 4 (base 6) to base 3.
11
-20 (base 3) to base 6
-10
-1101101 (base 2) to base 4
-1231
Convert 0 (base 12) to base 11.
0
Convert 4 (base 6) to base 15.
4
What is 3 (base 12) in base 2?
11
What is 4c (base 15) in base 11?
66
What is 10 (base 15) in base 6?
23
What is -45 (base 12) in base 5?
-203
What is -4b (base 15) in base 11?
-65
-113 (base 5) to base 14
-25
Convert -9 (base 10) to base 12.
-9
Convert -222 (base 3) to base 7.
-35
-4 (base 10) to base 14
-4
Convert 0 (base 8) to base 15.
0
What is -2d (base 15) in base 9?
-47
12 (base 6) to base 7
11
What is 0 (base 9) in base 11?
0
-2320 (base 4) to base 7
-352
Convert 1 (base 14) to base 4.
1
What is 3 (base 16) in base 4?
3
What is 1000 (base 2) in base 6?
12
Convert 4 (base 11) to base 4.
10
What is -2 (base 8